06. Suppose -36 + r = -o. Suppose -99 = -o*s + 173. What are the prime factors of s?
2, 17
Let h = 4071 - 2206. What are the prime factors of h?
5, 373
Let s be -1 - (-2 + -2 + 6 - 30). Suppose b + 3*b - s = -d, d + 15 = 2*b. Suppose 2*w = b*w + h - 181, 5*h + 131 = 3*w. What are the prime factors of w?
37
Let q(k) = k**2 + 25*k + 116. Let w be q(-6). Suppose 0*o + w*o = -2*h + 1178, 3*h + 3 = 0. What are the prime factors of o?
2, 5, 59
Let d be ((-20)/8 + 3)/((-3)/(-12)). Suppose 0*c = g + c + 9, -d*c = 3*g + 23. What are the prime factors of (-3)/15*-3*g + 5?
2
Suppose -2*u = -6*u + 2400. Let w = 63 + u. What are the prime factors of w?
3, 13, 17
Suppose 0 = 53*t - 55*t + 4. Let m = t + -4. List the prime factors of (1 + m)/(-1*(-4)/(-540)).
3, 5
Let o = 43044 - 23069. What are the prime factors of o?
5, 17, 47
Let w = 1683 + -802. What are the prime factors of w?
881
Let u(d) = -3 + 3*d - 2 - 2*d. Let p be u(9). Suppose -p*r + 26 + 214 = 0. List the prime factors of r.
2, 3, 5
Let u(n) = -933*n - 3426. List the prime factors of u(-12).
2, 3, 5, 7, 37
Suppose 5*s + 3*a = 129907, -2*a - 18355 - 33595 = -2*s. List the prime factors of s.
83, 313
Suppose -7*m - 83225 = -32*m. Suppose 3279 = 7*g - m. List the prime factors of g.
2, 59
Let v be (-1)/(-2) - (-97)/(-2). Let b be (22 + 27)*24/(-14). Let i = v - b. List the prime factors of i.
2, 3
Let b(y) be the third derivative of 7*y**5/60 + y**4/24 + 333*y**3/2 + 3*y**2 + 24*y. What are the prime factors of b(0)?
3, 37
Let b(y) = -2721*y + 798. List the prime factors of b(-16).
2, 3, 821
Suppose -1652*a = -1619*a - 33693. List the prime factors of a.
1021
Let n(q) = -238 + 39 + 14*q - 16*q - 20*q + q**2. List the prime factors of n(-16).
409
Let p be 52/130 + 5026/10. Suppose -742 = -3*n - f, -n = n - f - p. What are the prime factors of n?
3, 83
Suppose 0 = 5*z - 7*z - 5*f + 2098, -2*f + 3158 = 3*z. Suppose 2064 = 4*j - 3*h, -11*j - 4*h = -9*j - z. List the prime factors of j.
3, 173
Suppose -2*f = -16*b + 11*b - 108875, -f + b = -54445. List the prime factors of f.
2, 3, 5, 11
Let x(y) = y**2 - 6*y + 10. Let p = -38 - -44. Let r be x(p). Suppose 2*u - r + 4 = 0. List the prime factors of u.
3
Let s be (1 - (-2)/6)/(45/945). Suppose -5*k + s*k = 11201. What are the prime factors of k?
487
Let i(b) = 771*b**2 + 50*b + 218. List the prime factors of i(-5).
7, 2749
List the prime factors of 5/(-3)*(-7001 - (1 + -2 + 5)).
5, 467
Let g(n) = n**3 - 13*n**2 - 12*n + 91. Let x be g(13). Let d = 434 - x. List the prime factors of d.
499
Let z(j) = -j**3 - 7*j**2 - 5*j + 4. Let b be z(-6). Suppose f - 879 = 2*l - 881, f - 4 = -l. What are the prime factors of (-282)/b*(l + -1)?
3, 47
Let v(o) = -o**3 - 11*o**2 - 9*o + 15. Let y be v(-10). Suppose y*p + 2 + 3 = 0. What are the prime factors of ((-1350)/(-36))/(p/(-2))?
3, 5
Let u(m) = 546*m**2 + 1164*m. List the prime factors of u(-9).
2, 3, 5
Let k be (-614)/3 + 8/(-60)*-5. Let z be (k/(-90) + (-2)/(-5))*147. Suppose 0 = 4*l - 0*m + 2*m - z, -2*l = 4*m - 190. What are the prime factors of l?
3, 11
Let b = -45 - -45. Suppose -3*o - 3*c = 96, b = -2*o + 2*c - 3*c - 61. Let m = o - -34. What are the prime factors of m?
5
Let m(w) = -3*w**2 + 8*w + 3. Let c be m(3). Suppose c = 10*t - 170 - 630. List the prime factors of t.
2, 5
Let r be ((-11)/11)/(1/9). Let c be 3/r - (-1179)/(-27). Let o = 89 + c. What are the prime factors of o?
3, 5
Suppose -9*x = 314 + 190. Let i = x - -206. List the prime factors of i.
2, 3, 5
Suppose 3*h + 6 = 0, -2*r + 24 = 2*r - 4*h. Let g(t) = -30*t + 35. Let j be g(r). Let i = j + 162. What are the prime factors of i?
7, 11
Suppose -64*p + 171*p - 2365021 = 0. List the prime factors of p.
23, 31
Let u = -6954 - -11211. What are the prime factors of u?
3, 11, 43
Let g be 36 - 1/4*0. Let u = g - -7. Let c = -26 + u. List the prime factors of c.
17
Let q(j) = -135*j + 17. Let m be q(-5). Suppose 3*n - 2*k = -694, -4*k + 3*k + m = -3*n. List the prime factors of -15*(n/6)/5.
5, 23
Let n(y) = y**3 + 5*y**2 - 9*y + 8. Let p(s) = 4*s**3 + 19*s**2 - 36*s + 33. Let z(u) = -9*n(u) + 2*p(u). What are the prime factors of z(-9)?
3, 5
Let p(q) = -198*q + 1340. List the prime factors of p(-40).
2, 5, 463
Let y(f) = 928*f**2 + 156*f + 891. List the prime factors of y(-5).
23311
Suppose 4*y - 35390 = -3*h, 86*y + 2*h + 17688 = 88*y. What are the prime factors of y?
2, 4423
What are the prime factors of (-463)/5*-4*6825/130?
2, 3, 7, 463
Suppose f - 3615 = 5*b, -8*b + 4*b + 5*f - 2892 = 0. Let o = -387 - b. Suppose -2*g - 2*v + o = -0*g, 348 = 2*g - v. What are the prime factors of g?
2, 43
Suppose 0 = -t + i + 5435, t - 5*i - 3716 - 1719 = 0. What are the prime factors of t?
5, 1087
Let p(q) = -15*q**3 - 86*q**2 + 5*q + 53. List the prime factors of p(-8).
11, 199
Suppose 3*m - m - 6620 = 4*d, -5*d = -m + 8281. Let n = 2399 + d. Suppose -8*b = -n + 38. List the prime factors of b.
2, 11
Suppose 108*w = 111*w + 5*k - 71993, 3*w - 4*k - 72011 = 0. List the prime factors of w.
24001
Suppose 63*i + 0*i = -90380 + 1008164. What are the prime factors of i?
2, 3, 607
List the prime factors of (611/47)/((-1)/(-1491)).
3, 7, 13, 71
Let k = 3067 - -10849. List the prime factors of k.
2, 7, 71
Let n(b) = -120*b**3 - 2*b**2 + 5*b + 29. List the prime factors of n(-3).
2, 809
Let b = 60 - 57. Let z be 28/(-1) + (-3)/(-1). Let i = b - z. List the prime factors of i.
2, 7
Let g be (5 - (-112)/(-21))/((-1)/15). Suppose g*h = 2*c + 3449, 0*h + 2*h - 1388 = -2*c. What are the prime factors of h?
691
Let j(i) = i**3 - 38*i**2 + 11*i + 74. Let x(m) = m**2 - 10*m - 37. Let f be x(15). List the prime factors of j(f).
2, 3, 41
Suppose -24*m + 27*m + 5*f + 1004 = 0, -2*m + 5*f = 661. Let o = m + 683. What are the prime factors of o?
2, 5, 7
Let q(m) = -2*m**3 - 3*m**2 - m - 2. Let s be q(-2). Suppose -s*x + 20 = 0, 0 = 3*j + 4*x + x + 1835. What are the prime factors of j/(-15) + 5/(45/6)?
2, 3, 7
Suppose -t = 2*j - 5093, 0 = -10*j + 12*j - 2. List the prime factors of t.
3, 1697
Suppose v - 13*v + 8652 = 0. Suppose h - v = -0*l - 4*l, 2*h + 4*l - 1426 = 0. List the prime factors of h.
3, 5, 47
Let o be 2/8 + 1/(-4). Suppose -2*s = -v - 300, -s = -o*s + v - 156. Let r = 259 - s. What are the prime factors of r?
107
Let a be (-12)/(-15) + 216/30. Let n(o) = 22*o - 76. List the prime factors of n(a).
2, 5
Let w(p) = 148*p + 3733. What are the prime factors of w(109)?
5, 29, 137
Suppose 26969 = 3*n + 5*w - 24290, w = -1. Suppose -23*g + n = 25*g. List the prime factors of g.
2, 89
Let x(n) = -126*n + 3. Let m be x(-1). Let t = 132 + m. List the prime factors of t.
3, 29
Let m be -1*(6 + -4) + 1667. Let q = -1072 + m. List the prime factors of q.
593
Let r(t) = 3*t**3 + t**2 - t. Let b be r(1). Let m(p) = 2*p**2 + 2*p + 5. List the prime factors of m(b).
29
Let z = 39 + -34. Suppose -2*x + 677 = 3*m - 2*m, 1690 = z*x + 2*m. Suppose v - 165 = -4*y, -v - 2*y + x = v. What are the prime factors of v?
13
Let h be 22 + 14*7/(-14). Suppose 11*c = -h*c + 13078. What are the prime factors of c?
503
Let p(l) be the second derivative of -l**5/10 - l**4/12 + 17*l**3/6 - 4*l**2 + 6*l + 2. What are the prime factors of p(-6)?
2, 11, 13
Let b(d) = 327 - d**3 + 4*d**2 + 30*d + 2*d**2 - 296 + 12*d**2. What are the prime factors of b(18)?
571
Suppose -68*l + 90*l - 37246 = 0. Let f = l - 971. List the prime factors of f.
2, 19
Let c(g) = g**2 - 195*g + 12943. List the prime factors of c(88).
3527
Let l(z) = -201*z**2 - z - 4. Let j(c) = c**2 - 1. Let x(o) = 2*j(o) - l(o). What are the prime factors of x(-1)?
2, 3, 17
Let l be (-4)/3*(-18)/8. Let m be -34 + -3*(4 - l). Let b = m - -81. What are the prime factors of b?
2, 11
Let a = -192 + 197. Suppose -1006 = -3*f - 5*p, -a*f - 6*p = -p - 1660. List the prime factors of f.
3, 109
Suppose 15*z - 13*z - 4 = 0. Suppose -z*g - 2 + 20 = -2*c, 0 = -g + 4*c + 24. What are the prime factors of (-2)/4 + (-5)/g*-2?
2
Suppose 14*k - 3*k = 6446. Suppose -k + 1718 = 4*d. List the prime factors of d.
283
Let u(i) = i**2 + 13*i + 16. Let v be u(-12). Suppose z + 8 = -v*m, 16 = -4*z + 2*m + 2. List the prime factors of (7/(-2) - z)*106.
53
Suppose o + 2*o + 2*z = 15, o = -3*z - 2. Suppose 0 = -o*b - 4623 - 1159. Let q = -590 - b. What are the prime f